 f = 141 + -84. What is the units digit of f?
7
Let k(m) = -40*m - 86. What is the units digit of k(-7)?
4
Suppose x + 24 = 4*x - 4*p, 19 = 4*x - p. Suppose -3*h = 9, -2*u + x*u - h - 63 = 0. Suppose 0*a - u = -3*j + 3*a, -a = 1. What is the units digit of j?
9
Suppose 0 = -3*q - 2*x + 54, 0*x = -2*q - 4*x + 36. What is the units digit of (q/(-8))/((-3)/8)?
6
Let k(g) = -94*g - 1. Let m be k(-1). Suppose 4*f + 5*b - m = 0, 4*f + f = -b + 90. What is the tens digit of f?
1
Suppose 0 = 4*t - 2*h - 230, 220 = 4*t - 2*h - 2*h. Suppose -t + 8 = -2*p. What is the tens digit of p?
2
Let f(q) = q**2 - 5*q + 3. Let h be f(5). Suppose 2*p + h*p = 3*i - 43, 2*p + 16 = i. Let y(v) = v - 1. What is the units digit of y(i)?
5
Let a = 6 + -8. Let w = 13 + a. Suppose 3*v + 6*j - j = -w, 4*v - 5*j = 32. What is the units digit of v?
3
Let r(l) = -l**2 - 5*l - 2. Let y be r(-5). Let q(b) = b**2 - b - 23. Let a be q(0). What is the units digit of y/(-6) + a/(-3)?
8
Let u(q) = 2*q - 12. Let l be u(6). Suppose l*j - 20 = -5*j. What is the units digit of j?
4
Let b(f) = -f + 1. Let k be b(-3). Suppose 0*r - 3*r - 4*v + 15 = 0, 0 = -k*v. Suppose -i - 5*a = -5*i + 39, -15 = -r*i - 5*a. What is the units digit of i?
6
Suppose -6*y = -3*y - l - 282, -2*y + 4*l = -178. What is the units digit of y?
5
Let s = 5 + 8. What is the tens digit of s?
1
Suppose 359 = 4*c - 25. What is the tens digit of c?
9
Let o(v) = -v**3 + 5*v**2 + 6*v + 3. Let h = 12 - 6. Let s be o(h). Suppose 3*y - s = -0*y. What is the units digit of y?
1
Suppose 11 = 3*a + 5. Suppose 3*l - 65 = -a*l. What is the units digit of l?
3
Let g be ((-24)/(-18))/((-2)/(-15)). Let d = -4 + g. What is the units digit of d?
6
Suppose 0 = -b - 0*b + 4. What is the units digit of b/(-3)*(-6)/4?
2
Let b = 10 - 7. Suppose -p + 9 = -b. What is the units digit of p?
2
Let w = 4 - 0. Suppose 5*d = w*d. Suppose s - 6*s + y + 30 = d, s + y = 6. What is the units digit of s?
6
Suppose -3*l - 8 = -7*l, -4*l = -3*g - 2. Let n be g/9 + (-50)/(-18). Let r = 1 + n. What is the units digit of r?
4
Let f(g) = -g**2 + 4*g + 3. Let n be f(5). Let p be 138/33 + n/11. Suppose p*w - 5*o = -7, 4*w + 8*o - 3*o - 23 = 0. What is the units digit of w?
2
Let i(l) = 6*l**2 + 34*l - 66. Let s(d) = -d**2 - 7*d + 13. Let h(t) = 2*i(t) + 11*s(t). What is the tens digit of h(9)?
1
Let v(b) = 3*b**3 + 2*b**2 + 3*b + 4. Let j be v(-2). What is the tens digit of 9/(-3)*114/j?
1
Let d(f) = 11*f + 8. What is the tens digit of d(5)?
6
Let n(m) = 4*m**2 - 2*m + 1. Let c be n(1). Suppose 0 = c*k - 0*k - 21. What is the units digit of k?
7
Suppose 0 = 17*b - 1341 - 2637. What is the units digit of b?
4
Let m = -3 - 0. What is the tens digit of m - (-2 + 2 + -20)?
1
Let o = -68 + 36. Let c = o - -46. What is the units digit of c?
4
Suppose 5*k = 18 + 92. What is the tens digit of k?
2
Suppose 10*l = 5*l + 195. What is the tens digit of l?
3
Suppose 0 = -0*s - s - 4. Let y be (-28)/6 + s/(-6). What is the units digit of -8*2*1/y?
4
Let z(t) = -t**2 - 4*t + 4. Let h(g) = 4*g. Let s be h(-1). What is the units digit of z(s)?
4
Let s(c) = c**3 + 7*c**2 - c - 6. Let n(d) = d**2 - 12*d - 7. Let o be n(12). What is the units digit of s(o)?
1
What is the units digit of -27*(2 + 44/(-12))?
5
Suppose -i + 0*i = -3*o - 4, 0 = -4*i + 2*o + 16. Suppose -3 = i*f + 1. What is the units digit of 0 + (f + 0)*-4?
4
Let l(x) = 9*x**3 - 4*x**2 + 2*x. Let y be l(-4). Suppose 0 = 4*z - 2*m - 34, 5*m - 10 = -2*z + 1. What is the tens digit of y/(-32) + 6/z?
2
Suppose 3*u - 1518 = -5*z, 2*z = -11*u + 12*u + 616. What is the hundreds digit of z?
3
Suppose 0 = -4*d + 4*v + 396, -2*d + 216 = -4*v + 18. Let r = -46 + d. What is the units digit of r?
3
Suppose 0 = -3*a - 3*s + 45, 4*a - a = 5*s + 69. Let r = 33 - a. What is the tens digit of r?
1
Suppose -94 = -3*n + a, -a = a + 8. What is the units digit of n?
0
Suppose 3*u - 6*u - 3 = 0. Let v be -1*(3 + -2) - -3. What is the units digit of u + 3 + 2/v?
3
Let z(q) = -32*q + 1. Let x be z(-1). Let f = x + -23. What is the units digit of f?
0
Let q(k) be the third derivative of -k**5/60 - 5*k**4/12 - 7*k**3/6 + 4*k**2. What is the tens digit of q(-6)?
1
Suppose -4*r - a = -2*r - 12, -2*a = -8. Suppose -r = -x + 6. What is the tens digit of x?
1
What is the units digit of (588/(-105))/(1/(-35))?
6
Suppose -4 = -4*r + 8. What is the units digit of r?
3
Suppose -13*n + 2304 = 666. What is the units digit of n?
6
Let f be (-371)/2 - (-2)/4. What is the units digit of 1/(-4) + f/(-20)?
9
Let i = 61 + -36. Let m(x) = -x**2 + 5*x + 11. Let s be m(6). Suppose -s*w + 50 = -i. What is the tens digit of w?
1
Suppose 0*d = 3*v + 2*d - 11, -1 = -d. Let f(m) = -m**2 + 16*m - 3. Let b(g) = -g**2 + 15*g - 3. Let k(p) = v*b(p) - 2*f(p). What is the units digit of k(12)?
9
Suppose 0 = -5*n + 4*f - 18, f - 2 = -5. Suppose 0*q = -q + 1. Let u = q - n. What is the units digit of u?
7
Suppose -2*d + 0*d = 3*a - 256, -4*a = -5*d - 372. What is the units digit of a?
8
Suppose 7 = -3*z + 16. Suppose -x - z*x = -156. What is the tens digit of x?
3
Let r = 27 - 26. What is the units digit of r?
1
Suppose 0 = 2*i - k + 2*k - 70, -3*k - 70 = -2*i. Suppose 0 = 6*p - p - i. What is the units digit of (p*-2)/(-6 - -4)?
7
What is the units digit of 2/4 - 148/(-8)?
9
Let g = 1 - 1. Suppose g*m - 2*m = 14. What is the units digit of m/(2 - (0 - -3))?
7
Suppose -3*h + 25 = -b, 0 = -h + 4*h + 2*b - 22. Suppose h + 4 = 3*t. Suppose 5*j - 21 = -5*a + a, -t*a + 15 = -j. What is the units digit of j?
1
Let s = -16 - -16. Suppose -4*m + 196 - 36 = s. What is the tens digit of m?
4
Let y(x) = 18*x - 4. What is the tens digit of y(3)?
5
Suppose -3*r = -5*s + 2 + 50, -3*r - 12 = 0. Let u(w) = w**2 - 7*w - 10. Let o be u(s). Let k = 13 + o. What is the tens digit of k?
1
Let n(j) = -j**3 - 4*j**2 + 5*j - 7. What is the units digit of n(-6)?
5
Suppose -2*v - 128 = -4*s, -5*s - 19 + 177 = -3*v. What is the units digit of s?
4
Let y(o) = -2*o**2 - 3*o. Let p be y(-2). Let t be (2 - 8/p)*1. Suppose -20 = -2*x - 3*q, 25 = t*x - x - 5*q. What is the units digit of x?
7
What is the tens digit of 6/(-48) + 33/8 - -80?
8
Let l(k) = 4*k**3. Let w be l(1). Suppose 2 = 2*s - w. What is the units digit of s?
3
Let m be 8/2*(-12)/16. Let r be (1 + m)*(-5)/(-2). Let p = -2 - r. What is the units digit of p?
3
Let c be 0 - (-2 + 0) - 8. What is the units digit of 12*(9/c)/(-3)?
6
Let q(u) = -4*u - 1. Let j be q(3). Let s be (0/23)/(1/1). What is the tens digit of j/(0 + -1 - s)?
1
Let l(n) = -n + 15. What is the units digit of l(5)?
0
Let a(p) = 2 - 6*p - 3 + 4*p**2 - 2 + 4. What is the units digit of a(4)?
1
Let a(k) = -k**3 + 2*k. Let d be a(-2). Suppose 0 = p - d*p + 9. What is the units digit of p?
3
What is the tens digit of -46*(-5 - (-5)/10)?
0
Suppose 0 = n - 25 + 2. Suppose -b = 5, 3*b + 0*b = -4*f - n. What is the units digit of (-18)/f*(-8)/(-12)?
6
Let w be (-2 + -10)/((-1)/(-11)). Let u be (-4)/(-14) + w/(-28). Suppose -v = u*n - 80, 2*n + 4*v = 5*v + 39. What is the tens digit of n?
1
Let g(q) = -9*q**3 - q**2 - q - 1. What is the units digit of g(-1)?
8
Let q be 94/(-8) + 1/(-4). Let p(t) = 6*t + 33. Let u be p(-6). What is the units digit of u/4 + (-141)/q?
1
Suppose 5*l + 4 = 4*a, a + 2*a - 14 = l. Suppose -a = 3*s - 4*s. What is the units digit of s?
6
Suppose -3 - 3 = -v. Let a = v - -9. What is the units digit of a?
5
Let q(k) be the first derivative of k**3/3 - 3*k**2 + 7*k - 1. Suppose -3*n + 4*h = 2, -n - 14 = -5*n + 2*h. What is the units digit of q(n)?
7
Suppose -5*f + 8 = -3*f. Suppose -f*p - 2*j + 4 = -0*p, 3*p + j - 5 = 0. What is the units digit of p?
3
Let l = 8 + -4. Suppose -l*a + 84 = -96. What is the units digit of a?
5
Let m(b) = -2*b**3 - 4*b**2 - 4*b - 3. Let x be m(-2). Let d = -8 + x. What is the units digit of d - -1 - -12 - 0?
0
Suppose -25*x = -23*x - 142. What is the units digit of x?
1
Let a be (6/8)/((-1)/(-12)). Suppose -5*i + a + 11 = 0. Suppose s - 70 = -i*s. What is the units digit of s?
4
Suppose 4*l - 141 = -3*m, -3*l - 57 - 106 = -4*m. What is the units digit of m?
3
Suppose -5*q = -0*q - 60. What is the units digit of (2/3)/(q/306)?
7
Let d(s) = s**2 + 4*s - 1. Let q be d(-5). Suppose -3*x = 5*l - 18, -q*l - l + 14 = 4*x. What is the unit